t are the prime factors of x(q)?
3
Let q(m) = 2*m + 18. List the prime factors of q(-8).
2
Let k(v) = v - 7. Let c be k(6). Let y be (1 - -2) + c + -3. What are the prime factors of y/2 + (-85)/(-10)?
2
Let h be ((-96)/(-18))/((-2)/(-6)). Let z = 10 - 6. List the prime factors of (z + -1)/(12/h).
2
Let m(l) = l**2 + 6*l - 12. Let q = -6 + -4. What are the prime factors of m(q)?
2, 7
Suppose -23 = 5*p - 138. List the prime factors of p.
23
Let a = 8 - 4. Suppose -5*p = 3*d - 4, 0*d - a*d - 10 = -p. What are the prime factors of (-1)/(p/(-4))*2?
2
Let d be ((-24)/(-9))/(1/3). List the prime factors of (4/(d/(-6)))/(-1).
3
Suppose -u = u - 10. Let q = 1 + u. What are the prime factors of q?
2, 3
What are the prime factors of 17/(4*3/48) - -3?
71
Let m be (4/(-6))/((-10)/(-105)). Let o be -5 + 2 + m + 2. Let i = 24 + o. List the prime factors of i.
2
Suppose a = 2 + 1. Suppose 5*l - 3*s + 4*s = 54, -4*l = -a*s - 28. What are the prime factors of l?
2, 5
Suppose 5*a - 5*d = 6 + 34, 2*a + 12 = -5*d. Suppose 4*p - a = -0, -5*z + 105 = -5*p. Let u = -11 + z. List the prime factors of u.
11
Let y(s) be the second derivative of s**5/120 + 5*s**4/24 - s**3/3 - 2*s. Let i(t) be the second derivative of y(t). List the prime factors of i(0).
5
Let q be 0/2 + (-6)/3. Let r = q - -7. Let x = r - -1. What are the prime factors of x?
2, 3
Let u(x) = 2*x + 1. Let l = -4 + 6. Suppose 1 = -i + l. What are the prime factors of u(i)?
3
Suppose 0*j - j = -4. Suppose c - 62 = -j*r + 15, -83 = -4*r + c. What are the prime factors of r?
2, 5
Suppose 0 = 2*z + 2 - 14. List the prime factors of z.
2, 3
Let n(l) = -6*l**3 - 4*l**2 + 2*l + 3. Let q(d) = -13*d**3 - 9*d**2 + 3*d + 5. Let s(i) = 5*n(i) - 2*q(i). What are the prime factors of s(-2)?
3, 7
Suppose 4*o - 3*b = -208, -2*o - o - 163 = -4*b. Let p = -34 - o. What are the prime factors of p?
3, 5
Let f = 70 - 36. List the prime factors of f.
2, 17
Let c(m) = -2*m - 2. Let s be c(-2). Let b(k) = -4*k + s*k**2 - 4 + 3 + 4. What are the prime factors of b(2)?
3
Suppose -3*p + 8*p - 120 = 0. Let k = p - 1. Let x = -4 + k. List the prime factors of x.
19
Let z = -48 + 183. List the prime factors of z.
3, 5
Let l(j) = -j**3 + 4*j**2 + 4*j - 3. Let r be l(5). Let d = 2 - r. Suppose 0 = 2*q - 12 - d. List the prime factors of q.
11
Let k(q) = -6*q + 25. Let y(t) = 3*t - 13. Let i(z) = -6*k(z) - 11*y(z). What are the prime factors of i(6)?
11
Suppose t + 2 = 4*d, t - 4*d + 8 = 3*t. List the prime factors of (-8)/t - (-28 - -1).
23
Let i = -86 + 278. What are the prime factors of i?
2, 3
Let k be (2/(-3))/((-2)/(-102)). Let q = k - -53. List the prime factors of q.
19
Let l be 0/(-3 + 2 + 3). Suppose l = 4*q - 94 - 30. List the prime factors of q.
31
Let v be 49/7 - (0 - 1). Let p = v + -5. Let x = 8 - p. What are the prime factors of x?
5
Suppose -41 + 393 = 4*n. List the prime factors of n.
2, 11
Let x(g) = 2*g**2 + 4. Let t be x(5). Suppose -t - 46 = -5*l. Suppose d = 4*w - 40, -4 + l = -4*d. What are the prime factors of w?
3
Suppose 140 - 397 = -2*b - 5*o, -3*b + 3*o + 396 = 0. List the prime factors of b.
131
Let b(c) = c**2 + 2*c - 2. Let z(q) = -2*q**2 - 4*q + 4. Let y(j) = -5*b(j) - 3*z(j). Let l be -2 + (8/2)/1. What are the prime factors of y(l)?
2, 3
Let n = 58 + -18. What are the prime factors of n?
2, 5
Suppose -432 = -5*v + 2*o, -176 - 172 = -4*v + o. List the prime factors of v.
2, 11
Let c(g) = -1 + 3*g**2 + g**2 - g - 3*g**2 - g**3. Let d(o) = -3*o**3 - 6*o**2 - o + 2. Let k(u) = 2*c(u) - d(u). List the prime factors of k(-8).
2
Let x be 8/2 + 1 + 0. Let f be 5/(1 + (-24)/26). Suppose 0 = 3*t - 3, x*v - t + 6*t = f. List the prime factors of v.
2, 3
Suppose 8 = -2*d, -3*f - 2*d = d. What are the prime factors of 0/f - 5*-1?
5
Let q(g) = -2*g + 8. What are the prime factors of q(-8)?
2, 3
Let y(q) = q**2 - q - 7. Let v be y(6). Suppose -9 = -3*f + 4*z, v = 5*f - 3*z + 8. List the prime factors of 3*f/(9/13).
13
Let x be -3*(1 - 0/(-1)). Suppose -2*s - 3 = 1. What are the prime factors of (x - -7) + 4/s?
2
Let d(x) = -x**3 + 2*x**2 + 4*x - 2. Let p be d(3). Suppose 0 = t + p - 29. What are the prime factors of t?
2, 7
Suppose 41*r = 43*r - 118. List the prime factors of r.
59
Let k(s) = 7*s**3 + 2*s**2 - 5*s - 4. Let t(b) = 8*b**3 + 3*b**2 - 6*b - 5. Let m(p) = 4*k(p) - 3*t(p). List the prime factors of m(2).
23
Let b be -3*(-4)/3 - 3. List the prime factors of (-6 + b)*16/(-5).
2
List the prime factors of -3 - 1092/(-7) - (1 - 1).
3, 17
Suppose 5*q - 20 = q. Let w(l) = 2*l - 1. What are the prime factors of w(q)?
3
Let l(i) = -100*i + 2. What are the prime factors of l(-1)?
2, 3, 17
Let g(m) = 7*m + 5. Let y(j) = 21*j + 14. Let p(c) = 17*g(c) - 6*y(c). List the prime factors of p(-1).
2
Suppose -i - 2*v = -236, 4*i - 2*v = 584 + 390. List the prime factors of i.
2, 11
Suppose 4*u - 3*y - 354 - 65 = 0, -5*u + 518 = 2*y. What are the prime factors of u?
2, 13
Suppose 5*j - 2*u - 3*u - 180 = 0, 5*u - 66 = -j. List the prime factors of j.
41
Let v(o) = o**3 - 8*o**2 + 14*o - 8. What are the prime factors of v(7)?
41
Let w(v) = v + 1. Let t(x) = -x**2 + 6*x + 4. Let n(k) = t(k) - 6*w(k). Let o be n(-2). Let i(f) = -f**2 - 8*f - 4. What are the prime factors of i(o)?
2
Let d = 181 - 73. List the prime factors of d.
2, 3
Suppose 10*d = 5*d + 35. Let l = 23 + d. Suppose -3*y + l = 2*y. List the prime factors of y.
2, 3
Suppose 0 = s + 3*s. Suppose 4*b - 16 = -s*b. Suppose -3*m - 9 = 0, b*m = 4*g - 30 + 10. What are the prime factors of g?
2
Suppose 11*p - 18*p = -1036. List the prime factors of p.
2, 37
Let s = -11 - -15. Let g = -9 + 11. Suppose -p + s*k + 10 = 2, g*p = -3*k + 16. What are the prime factors of p?
2
Let b = 181 - -1. List the prime factors of b.
2, 7, 13
Let l = 79 + 97. What are the prime factors of l?
2, 11
Let d(f) be the first derivative of -f**4/4 - 4*f**3/3 - f**2/2 - 2*f + 2. Let j be d(-4). Suppose 0*x + j*h = -3*x + 26, -4*h = 8. List the prime factors of x.
2, 5
Let b(o) = -o**2 - 6*o - 3. Let m be b(-5). Let t(v) = m*v**2 - v**2 + 2*v**2. List the prime factors of t(1).
3
Let r = 0 + 2. Suppose -10 = -r*g - 5*a + 35, g - a = 19. List the prime factors of g.
2, 5
Let q(d) = 11*d - 2*d - 5 - 2*d**2 - 2*d**2 + 5*d**2. What are the prime factors of q(-10)?
5
Let m(n) = 7*n - 3. Let x be m(3). Let f = x + -9. List the prime factors of f.
3
Suppose 3*c + 3 = 9. List the prime factors of 17/c - (-1)/2.
3
Suppose 2*w - 4 = -4*h, 0 = -3*w - 5*h + 17 - 7. Let n be w*((3 - -1) + 0). Suppose -d = -5*d + n. List the prime factors of d.
2, 5
Suppose 310 = -37*b + 39*b. What are the prime factors of b?
5, 31
Suppose 0 = -3*l - 5*h + 514, l + 5*h = 46 + 112. What are the prime factors of l?
2, 89
Let j = 44 + -29. List the prime factors of 4 + (j - 1)*3.
2, 23
Suppose 0*n + 4*n = -20, 3*n - 3 = -3*h. Suppose 4*i - 2*y - 36 = 0, 20 = h*i - 3*i - 5*y. List the prime factors of i.
2, 5
Suppose -8*y + 3*y + 45 = -5*h, 2*h + 14 = y. Let b be 1 + -1 + -2 - -5. Let m = y + b. List the prime factors of m.
7
Let k be 3/(-9) + 271/3. Suppose 0 = -4*w - v + 150, -3*w - v + 23 = -k. What are the prime factors of w?
37
Suppose 4*r + 5*k + 130 = -3, -4*k = 20. Let a = -6 - r. List the prime factors of a.
3, 7
What are the prime factors of (9 - -3) + 6/(-3)?
2, 5
Let g(c) = 396*c - 1. List the prime factors of g(1).
5, 79
Let j(h) be the third derivative of -h**6/120 - h**5/15 + h**4/12 - h**3/3 + h**2. Let n be j(-5). Suppose -5*i + n = -47. List the prime factors of i.
2, 3
Let w = -46 - -30. List the prime factors of (-24)/w*16/3.
2
Let m(q) be the second derivative of 15*q**4/4 - q**3/6 + q**2/2 - 3*q. What are the prime factors of m(1)?
3, 5
Let p(x) = -x**3 - 7*x**2 - 9*x - 11. What are the prime factors of p(-6)?
7
Let u(v) = -3*v**2 - 3*v + 2. Let b be u(-3). Let q be b/72 + (-88)/9. Let p = q - -18. What are the prime factors of p?
2
What are the prime factors of (-31)/(-2)*(-2 + 4)?
31
Let b(d) = -9*d**3 - 2*d**2 + 2*d - 2. What are the prime factors of b(-3)?
7, 31
Let j(b) = -3*b + 2. Let h be j(-6). Suppose 2*z - 4*z = h. List the prime factors of (8/z)/(2/(-40)).
2
Suppose -2*f + 32 = 5*c, -28 = -7*c + 3*c - f. Suppose -2*i + 4*i - c = 0. What are the prime factors of i?
2
Let z = 22 + -12. List the pri